 99 and 77?
11
Calculate the greatest common factor of 114 and 4313.
19
What is the highest common factor of 84 and 2?
2
What is the greatest common factor of 3792 and 336?
48
What is the greatest common factor of 84 and 24?
12
What is the greatest common divisor of 3026 and 4806?
178
Calculate the highest common divisor of 1155 and 990.
165
What is the highest common factor of 42 and 574?
14
What is the highest common divisor of 21 and 4053?
21
What is the greatest common factor of 2435 and 60?
5
Calculate the greatest common factor of 16 and 152.
8
What is the greatest common factor of 4088 and 168?
56
Calculate the greatest common divisor of 4098 and 18.
6
Calculate the highest common divisor of 891 and 135.
27
Calculate the highest common divisor of 8840 and 104.
104
Calculate the greatest common divisor of 399 and 2603.
19
What is the greatest common divisor of 14 and 147?
7
What is the highest common divisor of 100 and 700?
100
Calculate the greatest common factor of 999 and 74.
37
Calculate the greatest common divisor of 208 and 10192.
208
What is the greatest common divisor of 49 and 245?
49
Calculate the greatest common factor of 56 and 7.
7
What is the greatest common factor of 25 and 50?
25
Calculate the highest common divisor of 18 and 5742.
18
What is the highest common divisor of 9712 and 16?
16
Calculate the highest common factor of 175 and 42.
7
Calculate the highest common divisor of 1598 and 34.
34
What is the greatest common factor of 23 and 621?
23
Calculate the greatest common divisor of 1150 and 368.
46
What is the greatest common divisor of 82 and 82?
82
What is the highest common factor of 98 and 130046?
98
What is the greatest common divisor of 48 and 54?
6
What is the greatest common divisor of 6471 and 9?
9
Calculate the greatest common factor of 135 and 1185.
15
Calculate the greatest common divisor of 9 and 9.
9
Calculate the highest common divisor of 36 and 9.
9
Calculate the greatest common factor of 32 and 1788.
4
What is the greatest common divisor of 224 and 40?
8
What is the highest common factor of 403 and 39?
13
Calculate the greatest common divisor of 12 and 1038.
6
What is the highest common factor of 108 and 240?
12
What is the greatest common factor of 184 and 828?
92
What is the greatest common factor of 299 and 39?
13
What is the greatest common factor of 60 and 42?
6
What is the greatest common factor of 6880 and 60?
20
What is the greatest common divisor of 16 and 1136?
16
Calculate the highest common divisor of 5522 and 66.
22
What is the highest common factor of 495 and 110?
55
Calculate the greatest common factor of 279 and 775.
31
Calculate the highest common factor of 2424 and 24.
24
What is the highest common factor of 176 and 112?
16
What is the greatest common divisor of 147 and 2373?
21
Calculate the highest common divisor of 195 and 65.
65
Calculate the greatest common factor of 39 and 2145.
39
Calculate the highest common factor of 7 and 448.
7
What is the highest common divisor of 102 and 68?
34
What is the highest common divisor of 195 and 9?
3
Calculate the highest common divisor of 5364 and 72.
36
What is the highest common divisor of 12660 and 60?
60
Calculate the greatest common divisor of 124 and 16.
4
Calculate the highest common factor of 256 and 500.
4
What is the greatest common divisor of 79 and 869?
79
Calculate the highest common factor of 55 and 915.
5
What is the greatest common factor of 1617 and 33?
33
What is the greatest common divisor of 14094 and 1305?
261
What is the greatest common factor of 741 and 39?
39
Calculate the greatest common factor of 4900 and 100.
100
What is the highest common factor of 60 and 114?
6
Calculate the highest common factor of 34 and 986.
34
What is the greatest common factor of 4 and 813?
1
Calculate the highest common factor of 64 and 104.
8
Calculate the greatest common divisor of 19 and 19.
19
Calculate the greatest common divisor of 4 and 274.
2
Calculate the highest common factor of 1258 and 4144.
74
What is the highest common divisor of 10 and 730?
10
What is the greatest common factor of 26 and 8?
2
Calculate the greatest common divisor of 52 and 26806.
26
What is the greatest common divisor of 274 and 2877?
137
What is the highest common divisor of 5 and 1215?
5
Calculate the highest common factor of 104 and 130.
26
What is the highest common factor of 1887 and 3996?
111
Calculate the greatest common divisor of 100 and 2725.
25
What is the greatest common divisor of 6 and 184?
2
Calculate the greatest common divisor of 1 and 1.
1
What is the greatest common divisor of 3599 and 59?
59
What is the highest common factor of 2760 and 270?
30
What is the highest common factor of 58 and 10672?
58
What is the greatest common factor of 12685 and 215?
215
What is the highest common divisor of 875 and 1715?
35
Calculate the highest common factor of 14 and 658.
14
Calculate the highest common factor of 19 and 1216.
19
Calculate the greatest common divisor of 255 and 30.
15
What is the greatest common factor of 396 and 45?
9
What is the highest common divisor of 69502 and 38?
38
Calculate the greatest common divisor of 133 and 448.
7
Calculate the greatest common factor of 272 and 8.
8
What is the greatest common divisor of 33 and 143?
11
What is the greatest common divisor of 36 and 64?
4
Calculate the greatest common divisor of 2700 and 666.
18
What is the highest common divisor of 3 and 363?
3
Calculate the highest common divisor of 2483 and 13.
13
What is the highest common divisor of 108 and 264?
12
What is the greatest common factor of 42 and 10227?
21
What is the greatest common divisor of 97 and 8827?
97
What is the greatest common factor of 189 and 243?
27
What is the greatest common factor of 76 and 1024?
4
What is the highest common factor of 15300 and 9?
9
What is the highest common factor of 95 and 160?
5
Calculate the highest common divisor of 30 and 1635.
15
Calculate the greatest common divisor of 1348 and 1685.
337
Calculate the greatest common divisor of 11005 and 1085.
155
What is the greatest common factor of 86 and 1075?
43
What is the highest common divisor of 1605 and 10?
5
Calculate the highest common divisor of 121 and 88.
11
Calculate the greatest common divisor of 42 and 651.
21
Calculate the greatest common factor of 2115 and 94.
47
What is the highest common divisor of 9 and 195?
3
What is the highest common factor of 3136 and 64?
64
Calculate the highest common divisor of 165 and 2625.
15
What is the highest common factor of 245 and 210?
35
Calculate the highest common divisor of 114 and 1007.
19
What is the greatest common factor of 1638 and 26?
26
Calculate the highest common factor of 644 and 276.
92
What is the highest common factor of 2569 and 7?
7
Calculate the highest common factor of 378 and 28.
14
What is the greatest common divisor of 23 and 92?
23
What is the highest common factor of 71232 and 42?
42
Calculate the highest common divisor of 420 and 160.
20
What is the highest common divisor of 147 and 63?
21
What is the highest common divisor of 651 and 75?
3
Calculate the greatest common divisor of 57 and 4047.
57
What is the highest common factor of 465 and 405?
15
Calculate the greatest common factor of 22685 and 65.
65
What is the highest common factor of 168 and 12040?
56
What is the greatest common factor of 12 and 7992?
12
Calculate the greatest common divisor of 2033 and 38.
19
Calculate the highest common divisor of 406 and 28.
14
Calculate the highest common divisor of 25 and 75.
25
Calculate the highest common divisor of 16137 and 9.
9
What is the greatest common divisor of 11 and 33?
11
Calculate the highest common factor of 8 and 1256.
8
Calculate the greatest common factor of 3868 and 4.
4
What is the greatest common divisor of 216 and 24192?
216
Calculate the highest common factor of 112 and 196.
28
What is the greatest common divisor of 2 and 85?
1
Calculate the highest common divisor of 95 and 266.
19
Calculate the highest common divisor of 420 and 252.
84
Calculate the greatest common divisor of 35 and 427.
7
Calculate the highest common factor of 8 and 172.
4
Calculate the greatest common divisor of 330 and 132.
66
What is the highest common factor of 556 and 64?
4
Calculate the hi